{"id":82,"date":"2021-01-27T13:47:19","date_gmt":"2021-01-27T12:47:19","guid":{"rendered":"https:\/\/www.krimilektorat.de\/creative\/?page_id=82"},"modified":"2023-05-26T10:35:41","modified_gmt":"2023-05-26T08:35:41","slug":"datenschutzerklaerung","status":"publish","type":"page","link":"https:\/\/www.krimilektorat.de\/creative\/datenschutzerklaerung\/","title":{"rendered":"Impressum"},"content":{"rendered":"\n<p>Die Adresse dieser Website ist: <br><strong>www.krimilektorat.de<\/strong> und <strong>www.krimilektorat.de\/creative<\/strong><\/p>\n\n\n\n<p>Das Krimib\u00fcro<br>Lisa Kuppler<br>Dunckerstra\u00dfe 17<br>D-10437 Berlin<\/p>\n\n\n\n<p><strong>Kontakt<\/strong>: lisa.kuppler@krimilektorat.de<\/p>\n\n\n\n<figure class=\"wp-block-image size-large\"><img loading=\"lazy\" decoding=\"async\" width=\"1000\" height=\"344\" src=\"https:\/\/www.krimilektorat.de\/creative\/wp-content\/uploads\/2021\/01\/Datenschutz-Bild.png\" alt=\"Alte B\u00fccher\" class=\"wp-image-84\" srcset=\"https:\/\/www.krimilektorat.de\/creative\/wp-content\/uploads\/2021\/01\/Datenschutz-Bild.png 1000w, https:\/\/www.krimilektorat.de\/creative\/wp-content\/uploads\/2021\/01\/Datenschutz-Bild-300x103.png 300w, https:\/\/www.krimilektorat.de\/creative\/wp-content\/uploads\/2021\/01\/Datenschutz-Bild-768x264.png 768w\" sizes=\"auto, (max-width: 767px) 89vw, (max-width: 1000px) 54vw, (max-width: 1071px) 543px, 580px\" \/><\/figure>\n\n\n\n<h2 class=\"wp-block-heading\">Welche personenbezogene Daten auf dieser Website gesammelt (und nicht gesammelt) werden<br><\/h2>\n\n\n\n<p><strong>Kommentare<\/strong><br>Bis auf Weiteres k\u00f6nnen Besucher*innen zu Beitr\u00e4gen auf dieser Website keine Kommentare hinterlassen.<\/p>\n\n\n\n<p><strong>Medien und Kontaktformulare<\/strong><br>Auf dieser Website k\u00f6nnen Besucher*innen weder Medien hochladen noch Kontaktformulare ausf\u00fcllen.<\/p>\n\n\n\n<p><strong>Cookies<\/strong><br>Auf dieser Website werden keine Cookies von Besucher*innen gespeichert.<\/p>\n\n\n\n<p><strong>Eingebettete Inhalte von anderen Website und Links zu anderen Website<\/strong><br>Beitr\u00e4ge auf dieser Website k\u00f6nnen eingebettete Inhalte (z.&nbsp;B. Videos, Bilder, Beitr\u00e4ge etc.) und Links zu anderen Inhalten beinhalten. Eingebettete Inhalte und Links von anderen Websites verhalten sich exakt so, als ob die Besucher*innen die andere Website besucht h\u00e4tten. Diese Websites k\u00f6nnen Daten \u00fcber Besucher*innen sammeln, Cookies benutzen, zus\u00e4tzliche Tracking-Dienste von Dritten einbetten und deren Interaktion mit diesem eingebetteten Inhalt aufzeichnen.<\/p>\n<div style=\"margin-top: 0px; margin-bottom: 0px;\" class=\"sharethis-inline-follow-buttons\" ><\/div>","protected":false},"excerpt":{"rendered":"<p>Die Adresse dieser Website ist: www.krimilektorat.de und www.krimilektorat.de\/creative Das Krimib\u00fcroLisa KupplerDunckerstra\u00dfe 17D-10437 Berlin Kontakt: lisa.kuppler@krimilektorat.de Welche personenbezogene Daten auf dieser Website gesammelt (und nicht gesammelt) werden KommentareBis auf Weiteres k\u00f6nnen Besucher*innen zu Beitr\u00e4gen auf dieser Website keine Kommentare hinterlassen. Medien und KontaktformulareAuf dieser Website k\u00f6nnen Besucher*innen weder Medien hochladen noch Kontaktformulare ausf\u00fcllen. CookiesAuf dieser Website &hellip; <\/p>\n<p class=\"link-more\"><a href=\"https:\/\/www.krimilektorat.de\/creative\/datenschutzerklaerung\/\" class=\"more-link\"><span class=\"screen-reader-text\">\u201eImpressum\u201c <\/span>weiterlesen<\/a><\/p>\n","protected":false},"author":1,"featured_media":0,"parent":0,"menu_order":0,"comment_status":"closed","ping_status":"closed","template":"","meta":{"footnotes":""},"class_list":["post-82","page","type-page","status-publish","hentry"],"_links":{"self":[{"href":"https:\/\/www.krimilektorat.de\/creative\/wp-json\/wp\/v2\/pages\/82","targetHints":{"allow":["GET"]}}],"collection":[{"href":"https:\/\/www.krimilektorat.de\/creative\/wp-json\/wp\/v2\/pages"}],"about":[{"href":"https:\/\/www.krimilektorat.de\/creative\/wp-json\/wp\/v2\/types\/page"}],"author":[{"embeddable":true,"href":"https:\/\/www.krimilektorat.de\/creative\/wp-json\/wp\/v2\/users\/1"}],"replies":[{"embeddable":true,"href":"https:\/\/www.krimilektorat.de\/creative\/wp-json\/wp\/v2\/comments?post=82"}],"version-history":[{"count":4,"href":"https:\/\/www.krimilektorat.de\/creative\/wp-json\/wp\/v2\/pages\/82\/revisions"}],"predecessor-version":[{"id":511,"href":"https:\/\/www.krimilektorat.de\/creative\/wp-json\/wp\/v2\/pages\/82\/revisions\/511"}],"wp:attachment":[{"href":"https:\/\/www.krimilektorat.de\/creative\/wp-json\/wp\/v2\/media?parent=82"}],"curies":[{"name":"wp","href":"https:\/\/api.w.org\/{rel}","templated":true}]}}